prime factors of n(-1).
2, 3, 7
Let j = 11 - 7. Let p(u) = u**2 + 3*u - 9. Let m be p(8). Suppose z = -4*b + m, -j*b - z - z + 82 = 0. List the prime factors of b.
19
List the prime factors of (12/3)/4*10.
2, 5
Suppose -5*r + 5 = 25. What are the prime factors of ((-2)/r)/(3/84)?
2, 7
Suppose p - 44 = -p. Suppose w + 7 = p. Suppose 5*z - w = 10. What are the prime factors of z?
5
Let u be 1*(-1 - -2 - -2). What are the prime factors of (-10 - 23)/(u/(-2))?
2, 11
Let z be 0/3 + -1 - -6. Suppose -5*x = 2*a - 27, a + z = 3*x + 13. List the prime factors of a.
11
Suppose 2*t - 13 = -2*r - 1, 3*r - 22 = -5*t. Let x = r + -2. What are the prime factors of (3 + -2)*(1 + x)?
3
Let r(y) = -y**3 + 10*y**2 - 11*y - 2. Let a be r(9). Let q be (12/10)/((-6)/a). Suppose -5*h = -q*l - 52, 2*l = h - 3 - 5. List the prime factors of h.
2, 3
Suppose 580 = 8*f - 2236. What are the prime factors of f?
2, 11
Let s = -4 - -1. Let k(c) = c + 7. Let l be k(s). Suppose -u + l*u - 18 = 0. List the prime factors of u.
2, 3
Let j = -5 - -8. Let o be (-1*j)/((-2)/18). Suppose -4*b = -5*f + o, 5*f = b + 17 + 16. What are the prime factors of f?
7
Let j(x) = x**2 + x. Let f be j(1). Suppose 3*g - 10 = -i, -3*i - f*g + 2 = -21. What are the prime factors of i?
7
Let v be (4/(-2))/2 - -25. Let w(l) = -2*l**2 - 4*l. Let h be w(-4). Let s = h + v. List the prime factors of s.
2
Let t(m) = 2*m**2 - 5*m - 1. Let o = 0 + 4. Let i be t(o). Let l(s) = s**2 - 11*s + 3. List the prime factors of l(i).
3
Let p(q) be the first derivative of -q**4/4 - 2*q**3/3 - 5*q**2/2 - 2*q + 6. List the prime factors of p(-3).
2, 11
Suppose -m = 2*m - 195. Suppose 0 = -8*t + 13*t - m. What are the prime factors of t?
13
Let p(i) = 5*i**2 - 2*i + 1. List the prime factors of p(-2).
5
Suppose 4*i - 5*s = -0*i + 46, 4*i = s + 54. List the prime factors of i.
2, 7
Suppose 21 = 3*i - 180. List the prime factors of i.
67
Suppose -5*c + 420 = -5*z, 8*c = 3*c + z + 412. Let g = c - 58. What are the prime factors of g?
2, 3
Let v(q) = q - 3. Let h be v(5). Let j = -2 + h. Suppose j = -0*k + 2*k - 16. List the prime factors of k.
2
Let o(k) = 3*k**2 - 2*k - 2. Let h be 3*(3/(-9) + 1). What are the prime factors of o(h)?
2, 3
Suppose 8*i - 85 = 3*i. List the prime factors of i.
17
Let c(m) = -m**2 + m + 4. Let b = -4 + 9. Suppose -p = -b*p. List the prime factors of c(p).
2
Suppose 0 = -5*c - 5 + 95. What are the prime factors of c?
2, 3
Let h = 1 - 0. Let d be h*(-2 + 18/3). Suppose -2*b + 44 = d*r + 4, -44 = -5*r - 4*b. What are the prime factors of r?
2, 3
List the prime factors of -1 - ((-1108)/7 + 18/63).
157
Let t = -149 - -219. List the prime factors of t.
2, 5, 7
Let c = 0 - -4. Suppose -10 = t - i - i, -4*t + c*i - 40 = 0. Let n = t + 32. What are the prime factors of n?
2, 11
Suppose -29 = -w + 5*q, -w - 2*w + q + 59 = 0. Let u = 24 + w. Suppose -4*v - 15 = -u. List the prime factors of v.
7
Let d be (1/3)/(2/276). Suppose 36 = 2*n + 4*o, 5*n - 2*n = 2*o + d. List the prime factors of n.
2
Let p = -19 - -74. List the prime factors of p.
5, 11
Let s be 124/(-12) + 1/3. What are the prime factors of -5*(0 - (-52)/s)?
2, 13
Suppose 0 = -2*b - 8, b - 3*b = -h + 9. What are the prime factors of (-10)/(-25)*(h + 64)?
2, 13
Let s(m) = 2*m**2 + m - 2. Let q = -7 - -3. Let f be (-5 - -4)/(2/q). List the prime factors of s(f).
2
Suppose -3*a - 8 = -2. Let y = 4 - a. List the prime factors of y.
2, 3
Let a = 288 + -141. What are the prime factors of a?
3, 7
Let f(i) = 6*i - 8. Let r be f(8). Suppose -s = 3*d - 0*s - 37, -4*d + s = -r. What are the prime factors of d?
11
Let t = 3 + 4. Let i(z) = -z**2 + 7*z. Let a be i(t). Let l(w) = -w**3 + w + 2. What are the prime factors of l(a)?
2
Suppose -183 = -4*t + 1093. List the prime factors of t.
11, 29
Suppose 0*g + 102 = 4*u - g, 5*g + 135 = 5*u. Suppose w + 9 - u = 0. Suppose -5*o - w + 86 = 0. What are the prime factors of o?
2, 7
Let n(v) = 11*v**2 + 21*v**2 - v - v**2 + 1. What are the prime factors of n(1)?
31
Let w(f) = -f**3 - 16*f**2 + 29*f - 7. List the prime factors of w(-18).
7, 17
Let y(a) = 3 + 0*a + 3*a - 5 - a**3 + 4*a**2. What are the prime factors of y(4)?
2, 5
What are the prime factors of 10 + 4/(-8)*-8?
2, 7
Let x(y) be the first derivative of 3*y**2/2 + y + 5. Let r be ((-2)/3)/((-2)/3). What are the prime factors of x(r)?
2
Let c = 98 - 47. Suppose i = c - 2. List the prime factors of i.
7
Suppose 2*i + 28 = 6*i. Let w = i + -5. Suppose -4*l = -5*x - 26, w = -2*l - x - 4*x. What are the prime factors of l?
2
Let p(l) = -l**3 - 11*l**2 - 2*l + 11. Let q be p(-11). What are the prime factors of (q/(-6))/((-1)/2)?
11
Let d(n) be the second derivative of n**5/20 + 7*n**4/12 + n**3 - n**2 - 2*n. Let a be d(-6). What are the prime factors of (4 - a)/3 + 3?
5
Let h be (6/5)/(8/20). Suppose -5*o + 2*w - 6 = 14, h*o - 5*w + 12 = 0. Let p(i) = -i**3 - 4*i**2 + 5. List the prime factors of p(o).
5
Let b be -1 + 5 + -2 + 4. Suppose 3*k + 4*s = b, -3*k + 2*s = -k - 4. Suppose -5 = -k*z + z. What are the prime factors of z?
5
Let y(l) = -l**3 + 4*l**2 + 5*l + 1. Let k be y(5). List the prime factors of 1/(1/3*k).
3
Let x(y) = 2*y**3 - 8*y**2 - 4*y - 4. Let t be x(4). Let b = 19 - -17. Let i = b + t. What are the prime factors of i?
2
Suppose z = -1, 0*j - 4*j + 3*z = -219. List the prime factors of j.
2, 3
Let y(l) = -l**2 + 3*l + 3. What are the prime factors of y(3)?
3
Suppose -10 = -2*c + 5*b, -3*b + 28 = 4*c + 8. Suppose -4*i + y = -y - 14, 4*i - c*y = 5. List the prime factors of i.
5
Let o(r) = r**3 + 4*r**2 - r - 1. Let f(z) = z**3 + 2*z**2. Let q be f(-2). Suppose 0 = -4*s - 3*b - 31, s + 0*b + b + 9 = q. List the prime factors of o(s).
3
Let o(w) = -w - 2. Let g = 12 - 20. Let t = -15 - g. List the prime factors of o(t).
5
Let s(m) = -m**3 + 17*m**2 - 17*m + 33. What are the prime factors of s(15)?
2, 3, 19
Suppose 0 = -2*a + 2*n + 40, -3*n + 17 = -a + 45. Suppose -5*c + 5*s = -5, -2*c + 5*c + 3*s = -9. What are the prime factors of (a - (1 - c)) + -2?
2, 3
Let q(i) be the second derivative of -i**6/720 + i**5/20 + i**4/12 + 4*i. Let v(s) be the third derivative of q(s). List the prime factors of v(0).
2, 3
Let d = 0 - 0. Suppose d = -0*r + 2*r - 24. Suppose 5*i + 4*x = 3*i + r, 3*i = 4*x + 38. List the prime factors of i.
2, 5
Suppose -l = -0*l - 41. Suppose 5*z + l = 4*p, -4*p - z + 31 = 4*z. List the prime factors of p.
3
Let c be (-247)/(-3) + 2/3. Suppose 3*x - c = -2*d, -2*x + 3*x - 51 = 4*d. What are the prime factors of x?
31
Suppose 58*r - 56*r - 222 = 0. List the prime factors of r.
3, 37
Suppose -43 = -3*d - 8*s + 4*s, 11 = 3*d - 4*s. List the prime factors of d.
3
Let c be (-6)/((-12)/(-5))*8. List the prime factors of (-69)/(-4 + c/(-8)).
2, 23
Let j(d) = 4*d + 2. What are the prime factors of j(14)?
2, 29
Let j = 0 - -3. Let l = -5 + j. Let c = l - -5. List the prime factors of c.
3
Let o = -101 - -157. Suppose 2*y + 8 = o. List the prime factors of y.
2, 3
Let c(h) = h**2. What are the prime factors of c(-4)?
2
Let z(t) = t**2 + 9*t + 8. What are the prime factors of z(-9)?
2
Let a = -4 - -8. Suppose 3*z - 5 - a = 0. Suppose 42 = 3*t - z*k, -3*t - 14 = -6*t - 4*k. List the prime factors of t.
2, 5
Let z be (-277)/(-11) - 4/22. Let o be (-10)/(-4)*30/z. Suppose 54 = 3*m + o*k, 12 + 18 = 2*m - k. List the prime factors of m.
2
Let s(n) = -3*n - 5. Let y(b) = -4*b - 3. Let g be y(-5). Let d = 10 - g. List the prime factors of s(d).
2
Let k(j) = 2*j**2 - 2*j - 6. Let f be k(-4). Suppose 4*r - 30 - f = 0. Suppose -p - r = -5*p. What are the prime factors of p?
2
Let o(k) = -k**3 + 9*k**2 + 3*k - 10. List the prime factors of o(9).
17
What are the prime factors of ((2 - 2) + 5)*8?
2, 5
What are the prime factors of (-236)/(-7) + 2/7?
2, 17
Let j(v) = 2*v - 3. Let b(y) = -12*y + 18. Let d(k) = -6*b(k) - 34*j(k). List the prime factors of d(7).
2, 11
Suppose 1 = -h + 6. Suppose 9 = -h*n + i - 4, 3*i = n + 11. Let x(t) = 2*t**2 - 4*t - 3. What are the prime factors of x(n)?
13
Suppose 5*s = -4*g - 334, -5*s + 0*g + 3*g = 327. Let i = s - -96. Suppose -i = -3*y - 2*q, -y + 6*y - 50 = q. What are the prime factors of y?
2, 5
Let f be 18/4*(-8)/(-12). Suppose 2*t = -2*t - 20, 3*r - 55 = 5*t. Suppose -r = -f*k - 4*s, 3*s + 64 - 9 = 4*k. What